{"id":2838,"date":"2023-01-03T19:55:46","date_gmt":"2023-01-03T18:55:46","guid":{"rendered":"https:\/\/demotickerberlin.noblogs.org\/?page_id=2838"},"modified":"2023-01-03T23:18:42","modified_gmt":"2023-01-03T22:18:42","slug":"berlin-demos-telegram","status":"publish","type":"page","link":"https:\/\/demotickerberlin.noblogs.org\/?page_id=2838","title":{"rendered":"Berlin Demos Telegram"},"content":{"rendered":"\n<p>Es gibt f\u00fcr Ank\u00fcndigungen von Kundgebungen und Demonstrationen zwei Telegram Kan\u00e4le (read only):<\/p>\n\n\n\n<ul class=\"wp-block-list\">\n<li><a href=\"https:\/\/t.me\/BerlinDemos\" target=\"_blank\" rel=\"noreferrer noopener\">Berlin Demos<\/a><\/li>\n\n\n\n<li><a href=\"https:\/\/t.me\/BerlinDemosEnglish\" target=\"_blank\" rel=\"noreferrer noopener\">Berlin Demos English<\/a> (automatic translation)<\/li>\n<\/ul>\n\n\n\n<p>In den meisten F\u00e4llen werden dort alle Ank\u00fcndigungen 1:1 in voller L\u00e4nge wie im Blog publiziert.<\/p>\n\n\n\n<p><strong>Vorteil:<\/strong><\/p>\n\n\n\n<p>Sobald eine neue Kundgebung \/ Demonstration ver\u00f6ffentlicht wird, erhaltet Ihr in der Telegram Anwendung auf dem PC, Tablet und Smartphone eine Benachrichtigung (Batch Icon) \/ ggf. Tonsignal und seht sofort, dass es etwas neues gibt. Ihr  m\u00fcsst nicht permanent selbst\u00e4ndig nachsehen, ob ein neuer Beitrag ver\u00f6ffentlicht wurde.<\/p>\n\n\n\n<p>Ihr k\u00f6nnt die Ank\u00fcndigung auch problemlos in andere Gruppen und Kan\u00e4le weiterleiten.<\/p>\n\n\n\n<p><strong>Nachteil:<\/strong><\/p>\n\n\n\n<p>F\u00fcr die Nutzung von Telegram ist eine Registrierung \u00fcber Eure Telefonnummer notwendig!<\/p>\n\n\n\n<p>Wir k\u00f6nnen Eure Rufnummer zwar nicht einsehen, wenn Ihr unter <em>P<strong>rivatsph\u00e4re und Sicherheit &#8211;&gt; Telefonnummer &#8211;&gt; Niemand<\/strong> <\/em>eingestellt habt, allerdings hat ein Anbieter, den wir pers\u00f6nlich nicht als sicher einstufen, pers\u00f6nliche Daten von Euch gespeichert.<\/p>\n\n\n\n<p>Dritte k\u00f6nnen zwar Euren Nutzernamen und Eure Rufnummer nicht sehen, allerdings wird im Kanal (leider) die Anzahl der Abonnenten angezeigt. Damit k\u00f6nnen die Bullen das Mobipotential einsch\u00e4tzen und sich ggf. darauf vorbereiten.<\/p>\n\n\n\n<p>Telegram verleitet auch zum Nachrichtenaustausch. Diese Nachrichten stufen wir als nicht sicher ein!<\/p>\n\n\n\n<p>Wir empfehlen an der Stelle auf sichere Messenger auszuweichen, momentan ist f\u00fcr uns die beste anonyme Alternative <a href=\"https:\/\/element.io\/download\" target=\"_blank\" rel=\"noreferrer noopener\">Element<\/a> (Matrix). Hier muss keine Rufnummer weitergegeben werden, Ihr k\u00f6nnt dazu eine beliebige Emailadresse verwenden.<\/p>\n\n\n\n<p><strong>Hinweis:<\/strong><\/p>\n\n\n\n<p>Man kann \u00f6ffentliche Telegram Kan\u00e4le auch ohne Telegram Registrierung lesen.<\/p>\n\n\n\n<p>Macht nur wenig Sinn, da Ihr auch proaktiv wie beim Blog selber nachsehen m\u00fcsst. Au\u00dfer Ihr habt schon den Live Ticker Kanal abonniert, dann k\u00f6nnt Ihr \u00fcber den Link der tagesaktuellen Aufrufe zum kompletten Aufruf in den Kanal zum lesen wechseln.<\/p>\n","protected":false},"excerpt":{"rendered":"<p>Es gibt f\u00fcr Ank\u00fcndigungen von Kundgebungen und Demonstrationen zwei Telegram Kan\u00e4le (read only): In den meisten F\u00e4llen werden dort alle Ank\u00fcndigungen 1:1 in voller L\u00e4nge wie im Blog publiziert. Vorteil: Sobald eine neue Kundgebung \/ Demonstration ver\u00f6ffentlicht wird, erhaltet Ihr in der Telegram Anwendung auf dem PC, Tablet und Smartphone eine Benachrichtigung (Batch Icon) \/ &hellip; <\/p>\n<p class=\"link-more\"><a href=\"https:\/\/demotickerberlin.noblogs.org\/?page_id=2838\" class=\"more-link\"><span class=\"screen-reader-text\">\u201eBerlin Demos Telegram\u201c <\/span>weiterlesen<\/a><\/p>\n","protected":false},"author":13687,"featured_media":0,"parent":0,"menu_order":0,"comment_status":"closed","ping_status":"closed","template":"","meta":{"footnotes":""},"class_list":["post-2838","page","type-page","status-publish","hentry"],"_links":{"self":[{"href":"https:\/\/demotickerberlin.noblogs.org\/index.php?rest_route=\/wp\/v2\/pages\/2838","targetHints":{"allow":["GET"]}}],"collection":[{"href":"https:\/\/demotickerberlin.noblogs.org\/index.php?rest_route=\/wp\/v2\/pages"}],"about":[{"href":"https:\/\/demotickerberlin.noblogs.org\/index.php?rest_route=\/wp\/v2\/types\/page"}],"author":[{"embeddable":true,"href":"https:\/\/demotickerberlin.noblogs.org\/index.php?rest_route=\/wp\/v2\/users\/13687"}],"replies":[{"embeddable":true,"href":"https:\/\/demotickerberlin.noblogs.org\/index.php?rest_route=%2Fwp%2Fv2%2Fcomments&post=2838"}],"version-history":[{"count":3,"href":"https:\/\/demotickerberlin.noblogs.org\/index.php?rest_route=\/wp\/v2\/pages\/2838\/revisions"}],"predecessor-version":[{"id":2872,"href":"https:\/\/demotickerberlin.noblogs.org\/index.php?rest_route=\/wp\/v2\/pages\/2838\/revisions\/2872"}],"wp:attachment":[{"href":"https:\/\/demotickerberlin.noblogs.org\/index.php?rest_route=%2Fwp%2Fv2%2Fmedia&parent=2838"}],"curies":[{"name":"wp","href":"https:\/\/api.w.org\/{rel}","templated":true}]}}